e prime factors of 5216574?
2, 3, 11, 79039
What are the prime factors of 401998?
2, 29, 239
List the prime factors of 5229320.
2, 5, 239, 547
List the prime factors of 1984693.
23, 86291
What are the prime factors of 14688204?
2, 3, 17, 89, 809
List the prime factors of 4994860.
2, 5, 13, 19211
List the prime factors of 4090068.
2, 3, 37871
List the prime factors of 12156797.
12156797
List the prime factors of 1949314.
2, 974657
What are the prime factors of 7399148?
2, 17, 233, 467
List the prime factors of 146586.
2, 3, 11, 2221
What are the prime factors of 9703864?
2, 29, 151, 277
List the prime factors of 15629230.
2, 5, 71, 22013
What are the prime factors of 3391293?
3, 1130431
What are the prime factors of 6860815?
5, 13, 59, 1789
List the prime factors of 80314.
2, 13, 3089
What are the prime factors of 301640?
2, 5, 7541
List the prime factors of 87238.
2, 53, 823
List the prime factors of 9722887.
9722887
List the prime factors of 213653.
11, 19423
What are the prime factors of 239406?
2, 3, 39901
List the prime factors of 86542.
2, 43271
List the prime factors of 1215873.
3, 53, 2549
What are the prime factors of 2920816?
2, 23, 7937
List the prime factors of 796279.
11, 191, 379
List the prime factors of 2705594.
2, 61, 67, 331
What are the prime factors of 948989?
948989
List the prime factors of 189518.
2, 7, 13537
List the prime factors of 1268841.
3, 7, 23, 37, 71
List the prime factors of 230137.
230137
List the prime factors of 3893093.
3893093
What are the prime factors of 6031211?
6031211
What are the prime factors of 302108?
2, 75527
What are the prime factors of 18855?
3, 5, 419
List the prime factors of 273091.
7, 13, 3001
List the prime factors of 176578.
2, 88289
List the prime factors of 85003.
167, 509
What are the prime factors of 7871104?
2, 61493
List the prime factors of 56583.
3, 6287
List the prime factors of 861318.
2, 3, 109, 439
What are the prime factors of 74135?
5, 14827
What are the prime factors of 17583390?
2, 3, 5, 11, 17761
What are the prime factors of 18420?
2, 3, 5, 307
List the prime factors of 31427208.
2, 3, 37, 47, 251
List the prime factors of 373010.
2, 5, 11, 3391
List the prime factors of 83435.
5, 11, 37, 41
What are the prime factors of 104344?
2, 13043
What are the prime factors of 1018538?
2, 17, 29, 1033
What are the prime factors of 3703250?
2, 5, 14813
What are the prime factors of 372596?
2, 7, 1901
List the prime factors of 1461014.
2, 17, 97, 443
List the prime factors of 5782425.
3, 5, 11, 43, 163
List the prime factors of 53437.
53437
List the prime factors of 10119536.
2, 7, 90353
List the prime factors of 7601767.
19, 400093
What are the prime factors of 1533309?
3, 139, 3677
What are the prime factors of 174058?
2, 29, 3001
What are the prime factors of 12408650?
2, 5, 41, 6053
What are the prime factors of 3248353?
523, 6211
What are the prime factors of 5440482?
2, 3, 479, 631
List the prime factors of 112597.
109, 1033
List the prime factors of 3539194.
2, 23, 47, 1637
List the prime factors of 18667944.
2, 3, 259277
What are the prime factors of 140126?
2, 7, 10009
List the prime factors of 570988.
2, 11, 19, 683
What are the prime factors of 1102720?
2, 5, 1723
What are the prime factors of 137220?
2, 3, 5, 2287
What are the prime factors of 1433077?
47, 30491
List the prime factors of 763148.
2, 190787
List the prime factors of 6533241.
3, 11, 13, 97, 157
List the prime factors of 4823990.
2, 5, 482399
List the prime factors of 818127.
3, 157, 193
What are the prime factors of 526801?
11, 83, 577
What are the prime factors of 223195?
5, 7, 911
What are the prime factors of 23931?
3, 2659
What are the prime factors of 512228?
2, 37, 3461
What are the prime factors of 1486879?
1181, 1259
List the prime factors of 1984885.
5, 7, 56711
List the prime factors of 5206475.
5, 19, 97, 113
What are the prime factors of 77865?
3, 5, 29, 179
List the prime factors of 550861.
550861
What are the prime factors of 177231?
3, 59077
List the prime factors of 3107429.
13, 151, 1583
What are the prime factors of 1927865?
5, 385573
What are the prime factors of 128652?
2, 3, 71, 151
What are the prime factors of 237441?
3, 79147
What are the prime factors of 544278?
2, 3, 7, 12959
What are the prime factors of 1514676?
2, 3, 126223
What are the prime factors of 2199231?
3, 19, 1429
List the prime factors of 9611312.
2, 47, 12781
List the prime factors of 926645.
5, 241, 769
List the prime factors of 111687.
3, 59, 631
What are the prime factors of 158396?
2, 7, 5657
List the prime factors of 6511314.
2, 3, 367, 2957
What are the prime factors of 690064?
2, 17, 43, 59
List the prime factors of 2860065.
3, 5, 13, 4889
What are the prime factors of 112929?
3, 37643
What are the prime factors of 8508992?
2, 132953
What are the prime factors of 5140020?
2, 3, 5, 85667
List the prime factors of 16768948.
2, 7, 598891
What are the prime factors of 27033544?
2, 809, 4177
List the prime factors of 2826870.
2, 3, 5, 94229
List the prime factors of 445300.
2, 5, 61, 73
What are the prime factors of 971513?
971513
What are the prime factors of 969174?
2, 3, 23, 2341
What are the prime factors of 31443418?
2, 137, 114757
What are the prime factors of 192735?
3, 5, 4283
What are the prime factors of 577716?
2, 3, 31, 1553
List the prime factors of 932390.
2, 5, 93239
List the prime factors of 831669.
3, 277223
What are the prime factors of 9075163?
9075163
What are the prime factors of 8197374?
2, 3, 241, 5669
What are the prime factors of 204186?
2, 3, 34031
List the prime factors of 67672.
2, 11, 769
What are the prime factors of 8588698?
2, 29, 373, 397
What are the prime factors of 17743806?
2, 3, 328589
What are the prime factors of 447627?
3, 17, 67, 131
List the prime factors of 7648084.
2, 227, 8423
List the prime factors of 5021028.
2, 3, 15497
List the prime factors of 19714197.
3, 23, 47, 6079
List the prime factors of 4766651.
4766651
List the prime factors of 194360.
2, 5, 43, 113
List the prime factors of 156067.
239, 653
List the prime factors of 216522.
2, 3, 23, 523
List the prime factors of 107488.
2, 3359
What are the prime factors of 341568?
2, 3, 593
List the prime factors of 1077080.
2, 5, 26927
List the prime factors of 148720.
2, 5, 11, 13
List the prime factors of 105545.
5, 11, 19, 101
What are the prime factors of 373273?
373273
What are the prime factors of 13267769?
17, 780457
What are the prime factors of 10035404?
2, 431, 5821
List the prime factors of 1004797.
1004797
List the prime factors of 34628797.
7, 509, 9719
List the prime factors of 18426244.
2, 4606561
List the prime factors of 12051715.
5, 13, 31, 5981
List the prime factors of 520016.
2, 7, 4643
List the prime factors of 4770773.
7, 681539
What are the prime factors of 12745783?
373, 34171
What are the prime factors of 424282?
2, 212141
What are the prime factors of 12791853?
3, 1421317
What are the prime factors of 1339747?
19, 107, 659
What are the prime factors of 17261550?
2, 3, 5, 89, 431
List the prime factors of 3062096.
2, 97, 1973
What are the prime factors of 524248?
2, 19, 3449
List the prime factors of 226186.
2, 113093
What are the prime factors of 582291?
3, 23, 29, 97
List the prime factors of 320802.
2, 3, 127, 421
What are the prime factors of 29659706?
2, 14829853
List the prime factors of 22503237.
3, 71, 105649
List the prime factors of 7138309.
7138309
List the prime factors of 16401982.
2, 8200991
List the prime factors of 54622.
2, 31, 881
List the prime factors of 8214794.
2, 7, 137, 4283
List the prime factors of 205949.
205949
What are the prime factors of 5871302?
2, 23, 127637
List the prime factors of 5797576.
2, 59, 71, 173
List the prime factors of 54655.
5, 17, 643
What are the prime factors of 4932780?
2, 3, 5, 19, 4327
What are the prime factors of 873173?
7, 124739
What are the prime factors of 5983745?
5, 17, 41, 101
List the prime factors of 18395036.
2, 11, 418069
List the prime factors of 597392.
2, 37337
What are the prime factors of 7272213?
3, 13, 263, 709
List the prime factors of 783674.
2, 19, 41, 503
What are the prime factors of 844410?
2, 3, 5, 7, 4021
List the prime factors of 5690856.
2, 3, 31, 7649
List the prime factors of 2445164.
2, 29, 107, 197
Wh